12*v - 15 + 15 + 12*v + 3*v**2. Determine f(y).
7
Let q = 1 + -1. Let r(f) = f + 214. Let i(b) = 7*b + 1301. Let j(m) = i(m) - 6*r(m). Calculate j(q).
17
Let d = 2331 + -2338. Let o(h) = 4*h**2 - 4 + 2 + 5*h - 3*h**2 + 7. Determine o(d).
19
Let a(d) = -8*d**2 - 1. Let m = 98 + -85. Suppose 24*i - 11*i = m. What is a(i)?
-9
Suppose 3*c = 4*y + 15, -2*c = y - 2 - 8. Let b(x) = 7 - 4 - 3*x + 2*x + c - x**2. Let r be (6 + (-30)/5)/(3 + 2). Give b(r).
8
Let w(j) = 14 + 0*j**3 - j**2 + 3 - 5 + j**3 + j. Let v = 44791 - 44791. Determine w(v).
12
Let x = 9872 + -9879. Let t(m) = -7*m - 27. Calculate t(x).
22
Let b(a) be the second derivative of -a**4/6 - a**3/6 + a**2/2 - 327*a. Suppose 4*h = 3*q + 3*h - 12, 4*q - 4*h - 8 = 0. Let j = q + -3. Determine b(j).
-9
Let a(i) = -2*i**2 + 5*i - 2. Let s(d) = -d**2 + 6*d - 2. Suppose 10*v - 14 = 36. Let j be s(v). Give a(j).
-5
Suppose 0 = -3*w, 2*j - 5*j - 4*w = -9. Suppose 0*u - 2*f + 22 = -j*u, -f - 24 = 2*u. Let t(a) = -a**3 - 10*a**2 - 4. Calculate t(u).
-4
Let g(j) = 36*j + 5. Suppose -131 - 46 = -63*a + 75. What is g(a)?
149
Let r(m) be the third derivative of -m**4/24 + 4*m**3/3 - m**2 - 225*m. Let u = -20 - -25. Give r(u).
3
Suppose 22*x + 77 + 55 = 0. Let d(g) = -17 + 50 - 25 - 3*g - 36 - 2*g. Calculate d(x).
2
Let v be (-28)/6 - (-40)/60. Let x(s) = -s**2 - 5*s - 6. What is x(v)?
-2
Let m(g) = 78*g - 153*g + g**3 - 2 + 1 + g**2 + 74*g. Let s(i) = -i**3 - 8*i**2 + i + 10. Let o be s(-8). Determine m(o).
9
Let w = -185 + 188. Suppose -2*i = 4*x + 2*i, 4*x = -w*i + 4. Let m(r) = -r**2 + 2*r - 4. What is m(x)?
-12
Let t(h) = -h**2 + 30*h + 223. Let g be t(36). Let m(p) = -p**3 + 7*p**2 + 2*p + 10. Give m(g).
24
Suppose -7*f + 26 = 131. Let q be (10/f)/((-2)/39). Let o(z) = 20*z + q*z - 11 - 32*z. What is o(7)?
-4
Let i(x) = 18*x**2 + 15*x + 14. Let b(p) = 3*p**2 + 2*p + 1. Let o(r) = -4*b(r) + i(r). Give o(-3).
43
Let i(n) = 41 - 6564*n**3 + 13*n**2 - 6566*n**3 + 11*n + 13129*n**3. Calculate i(14).
-1
Suppose -13*g + 17*g = 44. Suppose q - 3*n + 36 = 9, 5*n + g = -3*q. Let i(w) = w**3 + 12*w**2 - 2*w - 16. Calculate i(q).
8
Let r(p) = -p**2 + 24*p + 108. Let y be r(28). Let v(l) = l**2 - 3*l - 11. What is v(y)?
17
Let k(h) be the third derivative of h**4/8 + 35*h**3/6 - h**2 + 148*h. Calculate k(-14).
-7
Let s(i) be the third derivative of -i**5/60 - i**4/8 - i**3/3 - i**2 - 160. Let m = -1 + -8. Let d(a) = a + 7. Let f be d(m). What is s(f)?
0
Let x(b) = b**3 + 7*b**2 - 3*b - 5. Let i be 9/(-1)*76/12. Let n(o) = -o**3 - 11*o**2 - 21*o - 5. Let u be n(-5). Let z = i - u. What is x(z)?
16
Let q(k) = -1 + 0*k + 3*k - 2*k**2 + 3. Let a = -10583 - -10585. What is q(a)?
0
Let y(q) = 474*q - 1 - 474*q - 22*q**2. Suppose -54 = 109*n - 163. Determine y(n).
-23
Let v(y) = 11*y**2 - 6*y + 9. Suppose j = 22*j + 14*j - 70. Give v(j).
41
Suppose 2*w = -6 + 10. Suppose 3*z + 23 = 5*f, -w*z + 2 = -4*f + 5*f. Let y(t) = -t**2 + 3*t. Calculate y(f).
-4
Let l = 690 + -257. Let g = -437 + l. Let r(v) = v**2 - 8. Calculate r(g).
8
Let g(t) = t**2 + 19*t - 36. Suppose 4366*z = 4415*z + 931. Calculate g(z).
-36
Let g(l) be the third derivative of 11*l**4/24 + 21*l**3 + 9*l**2 + 207*l. Calculate g(-11).
5
Let a(r) = -2*r - 36. Suppose -684 = 550*t - 514*t. Calculate a(t).
2
Let b(r) be the first derivative of -11/2*r**2 - 54 + 6*r. Calculate b(4).
-38
Let c(n) = 13*n + 3. Let f(p) = 20*p + 5. Let o(b) = -8*c(b) + 5*f(b). Suppose 95 - 100 = 5*l - i, -3*i = -5*l - 5. Determine o(l).
5
Let h(i) = -i**2 - 5*i - 1. Let q(m) = -41*m**3 - 21*m**2 - 15*m. Let p(a) = 8*a**3 + 4*a**2 + 3*a. Let j(u) = 11*p(u) + 2*q(u). Let g be j(-1). Determine h(g).
-15
Let f(h) be the first derivative of h**4/4 + h**3 - 4*h**2 + 4*h - 251. What is f(-5)?
-6
Let r(j) = 11*j + 84. Let s(a) = 13*a + 96. Let y(z) = 6*r(z) - 5*s(z). Calculate y(0).
24
Let y be -1 - 16/(1 + 1). Let k = -11 - y. Let r(h) be the third derivative of h**4/3 + h**3/2 - 8*h**2. Give r(k).
-13
Suppose -5*a + 94 - 89 = 0. Let f be a/(-8) - 98/(-16). Let z(w) = w + 3 - 2*w**2 - f*w + 7*w. Give z(-3).
-21
Let h(n) = -2*n - 14. Let x = 9 + -17. Let w be h(x). Let u(j) = -2*j**3 + 2*j**2 + 2*j - 2. Calculate u(w).
-6
Let q(f) = 2*f**2 - 4*f - 2. Let c be (-2*54/(-60))/(2/60). Suppose 0 = -z + 58 - c. What is q(z)?
14
Suppose 293*m = 302*m - 18. Let x(u) = 14*u**2 + 1. What is x(m)?
57
Let d(o) = 12*o - 34*o - 157 - 31*o - 38*o + 423. Give d(3).
-7
Let m be (-6)/(-9) + 40/(-6). Let h(l) = 6 + 6383*l - 6376*l + 11632*l**2 + 2 - 11631*l**2. Determine h(m).
2
Let u = 5 - -1. Let t(c) = -5 + 18118*c**3 - 36256*c**3 + 3*c + 18139*c**3 - 6*c**2. Calculate t(u).
13
Let d = 1075 + -1070. Let p(v) = 2*v**3 - 8*v**2 - 5*v - 2. Give p(d).
23
Let l(t) = 15*t - 16. Suppose -37 + 50 = 16*p - 3*p. Calculate l(p).
-1
Let i(x) be the first derivative of -7/4*x**4 + 11/2*x**2 + 13/3*x**3 - 24 - x. Let p(w) = 4*w**3 - 7*w**2 - 5*w. Let v(q) = -3*i(q) - 5*p(q). What is v(5)?
-12
Suppose 25*j = 15*j. Let g be 2 + -1 - (1 - 1). Let i be (g - 2) + (4 - j). Let d(v) = -v**3 + 4*v**2 - 4*v. What is d(i)?
-3
Let i(t) = -29*t - 45. Let s(m) = 18*m + 29. Let p(a) = 2*i(a) + 3*s(a). Let d = -1 + -1. What is p(d)?
5
Let q(d) be the third derivative of -1/24*d**4 + 1/120*d**5 + 13*d**2 + 0*d + 0 + 13/3*d**3. Let a(m) be the first derivative of q(m). Calculate a(1).
0
Let m(r) = r**2 - 3*r - 100. Let c(b) = -90*b - 1698. Let j be c(-19). What is m(j)?
8
Let x(f) be the first derivative of f**4/4 + 5*f**3/3 - 13*f**2/2 - 3*f + 2596. Give x(-7).
-10
Let z(f) = -f**2 + 12*f - 24. Let y be z(8). Let n(a) = a**2 - 4*a. Let b(h) = -2*h**2 + 9*h + 1. Let o(p) = 3*b(p) + 5*n(p). What is o(y)?
-5
Let p = -2003 - -2008. Let o(w) be the first derivative of 11*w + 2 - 1/2*w**2. Calculate o(p).
6
Let w(q) be the first derivative of q**4/4 - 5*q**3/3 + 3*q**2/2 + 3*q + 5. Let u(y) = -y - 3. Let h be u(9). Let f be (-28)/h*2 - (-2)/(-3). Determine w(f).
-1
Let n = -39 + 107. Let p = n - 74. Let b(z) be the second derivative of z**3/6 + 7*z**2/2 - 80*z. Determine b(p).
1
Suppose -4*a - 34*s = -29*s + 18, -3*a = s + 19. Let z(k) = 3*k + 21. Give z(a).
0
Let a(b) = 5*b**2 + 3*b + 2. Let k(i) = i**3 + 7*i**2 + 152*i + 879. Let u be k(-6). What is a(u)?
56
Let o(v) be the third derivative of v**6/120 - v**5/12 + 5*v**4/24 - v**3/6 - v**2. Suppose 88 = 2*t + 78. Suppose -5*r + 15 = -t. Give o(r).
3
Let a be (4*3/9)/((-6)/(-9)). Let q(b) = 2 + 1 + 4 - 2 - a*b. Let o = 47 - 41. Determine q(o).
-7
Let z = -11217 - -11219. Let f(x) be the first derivative of 5/3*x**3 - 12 + x + x**z. Calculate f(-1).
4
Let o = -4 - -8. Let b be (1 + 2 + -4)*o. Let x(k) = 2*k + 179 - 287 + 112. Determine x(b).
-4
Suppose -8 = -7*t + 3*t. Let g be 1 + (9 - -3 - 4). Let c(y) = -8 - t + g - 10*y. Determine c(-1).
9
Suppose -m = 2*q + 29, 103 = -3*m - 3*q + 25. Let p = m - -27. Suppose a = w - 8, 4*a - p*w = 9*a + 40. Let x(g) = -g - 9. Determine x(a).
-1
Let o(d) = -d**3 + 4*d**2 - 5*d + 7. Let c = 8 - 5. Let q be o(c). Let l be ((-7)/(-21))/((-22)/(-21) - q). Let a(b) = b**2 - 6*b - 7. Give a(l).
0
Let q(h) = 4*h**2 - 65*h - 26. Suppose 0 = -369*w + 2149 + 2111 + 1644. Calculate q(w).
-42
Let r(q) = -2*q**3 + 4*q**2 + 2*q + 1. Let o(w) = -w**2 + 6*w + 163. Let m be o(-10). What is r(m)?
-11
Let z(m) be the third derivative of -8/3*m**3 + 0 + 0*m - 72*m**2 + 1/60*m**5 + 0*m**4. Give z(0).
-16
Let u = 52 + -52. Let p(g) = -g**2 - 5*g + 4. Let i be p(u). Let y be 20/14*14/i. Let v(m) = -m**2 + 5*m. What is v(y)?
0
Let g(u) = u**3 + 19*u**2 - 20*u - 2. Suppose v - 11 = z - 5*z, -5*v + 7 = -4*z. Suppose -2*d + 30 = -4*d + z*s, 0 = -3*d - 5*s - 85. Give g(d).
-2
Suppose 0 = f - 0*y + 5*y - 16, -3*y - 19 = -2*f. Suppose -b = 2*q + 2*q + f, 3*b = -2*q - 13. Let w(r) = 2*r + 3. Calculate w(b).
-3
Let i(y) = -y**3 + 5*y**2 - 5*y - 27. Let h(g) = g**3 - 7*g**2 + 8*g + 26. Let c(a) = 3*h(a) + 2*i(a). Give c(10).
64
Let p(h) = h**3 - 2*h**2 - h - 10. Let f = -20 + 24. Let j(y) = -9*y**3 + 10*y**2 + 5*y**3 + 29 - 3*y**2 + f*y. Let m(u) = 2*j(u) + 7*p(u). What is m(0)?
-12
Suppose -28*l + 36*l = 88. Let t(o) = 7*o**2 - 4*o**2 + 15 - o**2 - 7*o**3 + 10*o**2 + 6*o**3 - 13*o. Calculate t(l).
-7
Let g(c) = 17*c**2 + 16*c. Suppose j - 4*a = 6*j - 47, -5*j + 3*a = -26. Let r(